se -4*j - k = -o, 4*j - 3*k - 36 = 3*j. What is the remainder when 62 is divided by j?
20
Suppose 0*r = -2*r + 14. What is the remainder when 18 is divided by r?
4
Suppose -i = -3*i + 4*p - 16, -p = -5. Let d(x) = x**2 - 8*x + 1. Calculate the remainder when i is divided by d(8).
0
Suppose p = -4*n + 83, p - 34 = -2*n + 3*p. Calculate the remainder when 59 is divided by n.
19
Let x(r) = r**2 + 3*r - 4. What is the remainder when x(-6) is divided by 5?
4
Let p(l) = 13*l**2 - 2*l - 3. What is the remainder when p(-2) is divided by 14?
11
Let s = 2 + -1. Suppose -7*l - 45 + 185 = 0. What is the remainder when 0*s/1 + 38 is divided by l?
18
Let f(n) = -n**3 + n**2 - 2*n - 2. Let d(g) = g - 2. Let u be d(4). Suppose 4 = u*x - 4*x. What is the remainder when f(x) is divided by 5?
4
Let q = -3 - -4. Let s = q - 2. Calculate the remainder when 1/3*(s - -148) is divided by 17.
15
Calculate the remainder when 413 is divided by ((-4)/10 + (-224)/240)*-39.
49
Suppose 4*r - 31 - 9 = 0. Let l = -15 - -12. Calculate the remainder when (l - -3)/(-4) + 38 is divided by r.
8
Let t = 113 + -66. Suppose -2*a = -0*a - 32. What is the remainder when t is divided by a?
15
Suppose x + 0 = 3. Suppose 29 = x*t - 130. Calculate the remainder when t is divided by (-1 - (-15)/9) + 52/3.
17
Suppose 809 = 13*i + 276. What is the remainder when 162 is divided by i?
39
Suppose 21 = 4*h + 5*i, -2*h - 3*i + 0*i + 11 = 0. What is the remainder when 7 is divided by h?
3
Suppose u + 2*x - 27 = 10, 5*x = 3*u - 111. What is the remainder when u is divided by 21?
16
Suppose -3*v = -0*v. Suppose 24 = 2*x - v*x. Calculate the remainder when 0 - (-1 + 2) - -23 is divided by x.
10
Suppose -x + 65 = 4. What is the remainder when x is divided by 16?
13
Let z(p) = -p**2 - 12*p - 12. Suppose -12*d + 7*d = 40. Suppose 0 = 2*s + 2*n + 3*n - 94, s - 4*n - 21 = 0. What is the remainder when s is divided by z(d)?
17
Suppose 65 = 5*r + 5. Let f = -11 + r. Calculate the remainder when 1 is divided by f.
0
Let w = 281 + -186. What is the remainder when w is divided by ((-3)/(-4))/((-16)/(-512))?
23
Let c be (-8)/6*(-6)/2. Suppose c*t = 13 - 1. What is the remainder when (1 - 26/(-6))*t is divided by 6?
4
Let d = 8 + -5. Suppose -d*m + 40 = 2*m. Calculate the remainder when (28/(-21))/((-6)/297*3) is divided by m.
6
Calculate the remainder when 178 is divided by (3/4*-23)/((-6)/16).
40
Suppose -4*j = -3*o - 52, j - 12 - 1 = -4*o. Let b be (1 + 0 + 2)*-3. Let i = -4 - b. Calculate the remainder when j is divided by i.
3
Suppose 0*c - 5*c + 148 = 3*k, c = 3*k + 26. Calculate the remainder when 113 is divided by c.
26
Let a = -74 + 31. Let d = 64 + a. What is the remainder when d is divided by 12?
9
Let u(a) = a**2 - a + 1. Let i be 6/15 + (-32)/5. Let r(c) = -c**2 - 5*c + 6. Let v be r(i). Calculate the remainder when u(v) is divided by 1.
0
Suppose -21 = 11*w - 12*w. Calculate the remainder when 61 is divided by w.
19
Let j = -27 - -36. What is the remainder when 35 is divided by j?
8
Let c(w) = -3*w + 3. Calculate the remainder when c(-2) is divided by ((-5)/3)/((-2)/6).
4
Let s = 15 - 5. Let d be (3/(-2))/(3/(-6)). Calculate the remainder when d*(0 - (-84)/9) is divided by s.
8
Suppose 3*d - 2*x - 57 = 0, d = -x + 4*x + 12. What is the remainder when 40 is divided by d?
19
Suppose 4*h - 4*o = -260, 0 = -0*h - h + 5*o - 45. Let k = h + 108. What is the remainder when k is divided by (1 - 1)/1 + 20?
18
Calculate the remainder when ((-328)/(-12))/(2/3) is divided by 14.
13
Suppose -2*r + 125 - 31 = 0. Suppose r = 2*g + 17. What is the remainder when 43 is divided by g?
13
Suppose 6 = -0*r + 3*r. Suppose 0 = 3*w - 2*v - 1 - 27, -4*w - r*v + 14 = 0. What is the remainder when 17 is divided by w?
5
Let s = 3 + -3. Suppose -t + 4*w = -18, -4*t + w + 20 + 7 = s. Suppose 5*x - t*x + 16 = 0. Calculate the remainder when 30 is divided by x.
14
Suppose -4*l + 104 = 4*r, -2*r = -4*r + l + 40. Suppose -2*f = -6, 2*z + f - 55 = -r. Calculate the remainder when 27 is divided by z.
12
What is the remainder when 10 is divided by 4/((-64)/(-12)) - 9/(-4)?
1
Let l be ((-7)/2 - 0)*-2. Let r be 2/2 - (-1 + 2). Let t = l - r. Calculate the remainder when 19 is divided by t.
5
Suppose 0*x = -x - 4*u + 28, x = -5*u + 32. What is the remainder when 57 is divided by x?
9
Calculate the remainder when 2 is divided by 2/(-3 - -1) + 3.
0
Let i be 8/36 - (-6)/(-27). Let a(z) = z + 13. Calculate the remainder when 25 is divided by a(i).
12
Suppose 0 = -x - 4*x - 15, -y + 60 = -4*x. Calculate the remainder when y is divided by 25.
23
Suppose 3*j - 15 = 5*q + 2*j, -j = q + 3. Let m(i) = i + 8. Calculate the remainder when 18 is divided by m(q).
3
Let f = 18 - 14. Suppose -320 + 52 = -f*b. What is the remainder when b is divided by 23?
21
Calculate the remainder when 23/((-52)/(-48) + 3/(-4)) is divided by 24.
21
Suppose 3*u = 2*u - l + 8, 3*u + 2*l = 25. Let x(m) = -2*m**2 + 3*m + 35. What is the remainder when x(0) is divided by u?
8
Let v = -6 + 6. What is the remainder when 7 is divided by -2 - v - (-6 - 1)?
2
Let w(c) = -c - 6. Let x be w(8). Let t(a) = -a**3 - 14*a**2 - a + 3. Calculate the remainder when ((-48)/5)/((-3)/10) is divided by t(x).
15
Suppose 16*w - 12*w - 84 = 0. Suppose c - w = -2*c. Calculate the remainder when c is divided by 5.
2
Let w = 4 + -14. Let f = w - -39. Calculate the remainder when 85 is divided by f.
27
Let l = 7 - 4. What is the remainder when 9 is divided by l?
0
Suppose -3*d - 8 = 4*x, 4*x - x + 6 = 2*d. Suppose 4*c = 3*c + 16. Calculate the remainder when 46*((-9)/(-3) + x) is divided by c.
14
Let b(t) = t**2 + 4*t - 9. Let k be b(-7). Let h = k - -2. What is the remainder when 39 is divided by h?
11
Suppose 0 = 5*w - 51 - 44. Calculate the remainder when w is divided by 11.
8
Suppose 2*w + 4*n - 4 = 0, -3*w + 2*n - n = -41. Let y(t) = t**2 - 7*t - 11. Calculate the remainder when y(w) is divided by 17.
15
Let i(h) = h**3 + h**2 - 3*h + 3. What is the remainder when i(2) is divided by 4 - (-2)/(-4)*-2?
4
Suppose 73 = 5*z + a + 214, 3*z = 3*a - 81. Let b = z + 40. What is the remainder when b is divided by 7?
5
Suppose -d + 0*d + 7 = 0. Let f = 17 - 14. Suppose -f*q = -d*q + 20. Calculate the remainder when q is divided by 2.
1
Let q = -20 + 35. What is the remainder when q is divided by 1/((-12)/9)*-8?
3
Let m(b) = 1 + 10*b + 3*b + 3*b + 18*b. Let q be m(-2). Let x = -38 - q. What is the remainder when x is divided by 8?
5
Let o(i) = -6*i - 5. Let w(z) = z. Let s(b) = o(b) + 3*w(b). Suppose -2*j + f - 6 = 5*f, 0 = -4*j + f - 21. Calculate the remainder when s(j) is divided by 6.
4
What is the remainder when 35 is divided by -3*(-2 - 1) + 0?
8
Suppose 5*k - 12 - 8 = 0. Let a = 7 - -1. Calculate the remainder when (-75)/(-7) - a/(-28) is divided by k.
3
Let k = 42 + -3. Calculate the remainder when k is divided by 21.
18
Let s = -11 + 16. Let u(b) = 8*b. What is the remainder when u(s) is divided by 21?
19
Let s(p) be the first derivative of -p**2/2 + 5*p + 1. Let f be s(8). Calculate the remainder when 18 is divided by (-7)/(21/10)*f.
8
Let z(p) = -p**2 + 6*p - 1. Suppose -f = 3*f - 12. What is the remainder when 14 + 3*3/9 is divided by z(f)?
7
Let o(x) = -x**2 - 7*x - 1. Suppose u - 39 = -0*u - 3*g, 2*u + 2*g = 58. Calculate the remainder when u is divided by o(-5).
6
Suppose -3*v + 36 = -2*f - 42, -f - 75 = -3*v. Let o = 97 - v. Calculate the remainder when o is divided by 25.
23
Let r(v) = v**3 - 8*v**2 + 3*v + 4. Calculate the remainder when r(8) is divided by 10.
8
Suppose 2*n + f = 410, -5*f + 627 = -5*n + 1682. Calculate the remainder when n is divided by 26.
25
Let w = 28 + -18. Suppose -w + 1 = -m + i, -i = -4*m + 36. What is the remainder when m is divided by 3?
0
Let x be (15/10)/((-3)/(-166)). Suppose 185 = 5*h - 3*t, -2*t = 2*h - 5*t - x. What is the remainder when h is divided by 2/(1*2) - -8?
7
Let r(g) = 9*g - 61. Calculate the remainder when r(11) is divided by 21.
17
Calculate the remainder when 6/18 + 100/6 is divided by 10.
7
What is the remainder when 4/(-18) - (980/(-36) - -1) is divided by 7?
5
Suppose 9*r = 80 + 73. What is the remainder when -2 + (-1)/(-1) + 51 is divided by r?
16
Let n(s) = s**2 - s. Calculate the remainder when 6 is divided by n(-1).
0
Let z = -85 